{"id":126,"date":"2013-03-28T18:28:47","date_gmt":"2013-03-28T17:28:47","guid":{"rendered":"https:\/\/mv-gechingen.de\/?page_id=126"},"modified":"2026-02-02T18:11:57","modified_gmt":"2026-02-02T17:11:57","slug":"musikerjugend-gechingen","status":"publish","type":"page","link":"https:\/\/mv-gechingen.de\/?page_id=126","title":{"rendered":"Musikerjugend Gechingen"},"content":{"rendered":"<p>Eine fundierte Jugendarbeit und musikalische Fr\u00fcherziehung ist uns beim Musikverein Gechingen ganz besonders wichtig. Sie ist der Grundstein f\u00fcr ein in die Zukunft gerichtetes und erfolgreiches Vereinsleben. Deshalb haben wir es zu unserer Aufgabe gemacht, den musikalischen Weg jeder einzelnen Jungmusikerin und jedes einzelnen Jungmusikers aus unseren Reihen individuell zu gestalten.<\/p>\n<p>Eine qualifizierte, solide und kosteng\u00fcnstige Ausbildung zu garantieren ist uns genauso wichtig wie das St\u00e4rken von Vereinslebens, Freundschaft, gemeinsames Musizieren und Zusammengeh\u00f6rigkeit unter den Jugendlichen.<\/p>\n<p><strong>Unsere Ziele:<\/strong><\/p>\n<ul>\n<li>unseren Jungmusikerinnen und -musikern ein erf\u00fcllendes Hobby schenken<\/li>\n<li>Freundschaft und Selbstvertrauen st\u00e4rken<\/li>\n<li>das Miteinander unter den Kindern und Jugendlichen f\u00f6rdern<\/li>\n<li>Spa\u00df an der Musik und am gemeinsamen Musizieren vermitteln<\/li>\n<\/ul>\n<p>So individuell jede und jeder von uns ist, so individuell sind auch die Einstiegsm\u00f6glichkeit in die musikalische Laufbahn beim Musikverein Gechingen. Je nach Vorkenntnissen, Alter und Interessen gibt es verschiedene Gruppen und Angebote.<\/p>\n<table>\n<tbody>\n<tr>\n<td style=\"width: 120px;\">\u00a0<img loading=\"lazy\" decoding=\"async\" class=\"size-full wp-image-405 alignnone\" src=\"http:\/\/mv-gechingen.de\/wordpress_01\/wp-content\/uploads\/2014\/01\/icon_note.jpg\" alt=\"\" width=\"100\" height=\"70\" \/><\/td>\n<td><a title=\"Musikalische Ausbildung\" href=\"https:\/\/www.mv-gechingen.de\/?page_id=257\">musikalische Ausbildung<\/a><\/td>\n<\/tr>\n<tr>\n<td>\u00a0<img loading=\"lazy\" decoding=\"async\" class=\"size-full wp-image-1576 alignnone\" src=\"http:\/\/mv-gechingen.de\/wordpress_01\/wp-content\/uploads\/2012\/11\/icon_musikerjugend.jpg\" alt=\"\" width=\"100\" height=\"70\" \/><\/td>\n<td><a title=\"Jugendgruppe\" href=\"https:\/\/www.mv-gechingen.de\/?page_id=266\">Jugendgruppe<\/a><\/td>\n<\/tr>\n<tr>\n<td>\u00a0<img loading=\"lazy\" decoding=\"async\" class=\"wp-image-1576 size-full alignnone\" src=\"http:\/\/mv-gechingen.de\/wordpress_01\/wp-content\/uploads\/2012\/11\/icon_musikerjugend.jpg\" width=\"100\" height=\"70\" \/><\/td>\n<td><a title=\"Jugendkapelle\" href=\"https:\/\/www.mv-gechingen.de\/?page_id=268\">Jugendkapelle<\/a><\/td>\n<\/tr>\n<tr>\n<td>\u00a0<img loading=\"lazy\" decoding=\"async\" class=\"size-full wp-image-1374 alignnone\" src=\"http:\/\/mv-gechingen.de\/wordpress_01\/wp-content\/uploads\/2016\/08\/icon_cajon.jpg\" alt=\"\" width=\"100\" height=\"70\" \/><\/td>\n<td><a title=\"Cajon und Blockfl\u00f6te\" href=\"https:\/\/www.mv-gechingen.de\/?page_id=1339\">Blockf\u00f6tenunterricht<\/a><\/td>\n<\/tr>\n<tr>\n<td>\u00a0<img loading=\"lazy\" decoding=\"async\" class=\"size-full wp-image-1373 alignnone\" src=\"http:\/\/mv-gechingen.de\/wordpress_01\/wp-content\/uploads\/2016\/08\/icon_blaeserklasse.jpg\" alt=\"\" width=\"100\" height=\"70\" \/><\/td>\n<td><a title=\"Kooperation Schule\/Verein\" href=\"https:\/\/www.mv-gechingen.de\/?page_id=1337\">Kooperation Bl\u00e4serklasse Realschule Althengstett<\/a><\/td>\n<\/tr>\n<\/tbody>\n<\/table>\n<table>\n<tbody>\n<tr>\n<td><\/td>\n<td>\n<h3>Ihr ansprechpartner<\/h3>\n<p><strong>Marvin Welte \/ Tina D&#8217;Aiera<\/strong><br \/>\n<a href=\"mailto:jugendleitung@mv-gechingen.de\">jugendleiter@mv-gechingen.de<\/a><\/td>\n<\/tr>\n<\/tbody>\n<\/table>\n","protected":false},"excerpt":{"rendered":"<p>Eine fundierte Jugendarbeit und musikalische Fr\u00fcherziehung ist uns beim Musikverein Gechingen ganz besonders wichtig. Sie ist der Grundstein f\u00fcr ein in die Zukunft gerichtetes und erfolgreiches Vereinsleben. Deshalb haben wir es zu unserer Aufgabe gemacht, den musikalischen Weg jeder einzelnen &hellip; <a href=\"https:\/\/mv-gechingen.de\/?page_id=126\">Weiterlesen <span class=\"meta-nav\">&rarr;<\/span><\/a><\/p>\n","protected":false},"author":1,"featured_media":1042,"parent":2,"menu_order":0,"comment_status":"closed","ping_status":"closed","template":"","meta":{"footnotes":""},"_links":{"self":[{"href":"https:\/\/mv-gechingen.de\/index.php?rest_route=\/wp\/v2\/pages\/126"}],"collection":[{"href":"https:\/\/mv-gechingen.de\/index.php?rest_route=\/wp\/v2\/pages"}],"about":[{"href":"https:\/\/mv-gechingen.de\/index.php?rest_route=\/wp\/v2\/types\/page"}],"author":[{"embeddable":true,"href":"https:\/\/mv-gechingen.de\/index.php?rest_route=\/wp\/v2\/users\/1"}],"replies":[{"embeddable":true,"href":"https:\/\/mv-gechingen.de\/index.php?rest_route=%2Fwp%2Fv2%2Fcomments&post=126"}],"version-history":[{"count":46,"href":"https:\/\/mv-gechingen.de\/index.php?rest_route=\/wp\/v2\/pages\/126\/revisions"}],"predecessor-version":[{"id":2866,"href":"https:\/\/mv-gechingen.de\/index.php?rest_route=\/wp\/v2\/pages\/126\/revisions\/2866"}],"up":[{"embeddable":true,"href":"https:\/\/mv-gechingen.de\/index.php?rest_route=\/wp\/v2\/pages\/2"}],"wp:featuredmedia":[{"embeddable":true,"href":"https:\/\/mv-gechingen.de\/index.php?rest_route=\/wp\/v2\/media\/1042"}],"wp:attachment":[{"href":"https:\/\/mv-gechingen.de\/index.php?rest_route=%2Fwp%2Fv2%2Fmedia&parent=126"}],"curies":[{"name":"wp","href":"https:\/\/api.w.org\/{rel}","templated":true}]}}

<p>Eine fundierte Jugendarbeit und musikalische Früherziehung ist uns beim Musikverein Gechingen ganz besonders wichtig. Sie ist der Grundstein für ein in die Zukunft gerichtetes und erfolgreiches Vereinsleben. Deshalb haben wir es zu unserer Aufgabe gemacht, den musikalischen Weg jeder einzelnen Jungmusikerin und jedes einzelnen Jungmusikers aus unseren Reihen individuell zu gestalten.</p>
<p>Eine qualifizierte, solide und kostengünstige Ausbildung zu garantieren ist uns genauso wichtig wie das Stärken von Vereinslebens, Freundschaft, gemeinsames Musizieren und Zusammengehörigkeit unter den Jugendlichen.</p>
<p><strong>Unsere Ziele:</strong></p>
<ul>
<li>unseren Jungmusikerinnen und -musikern ein erfüllendes Hobby schenken</li>
<li>Freundschaft und Selbstvertrauen stärken</li>
<li>das Miteinander unter den Kindern und Jugendlichen fördern</li>
<li>Spaß an der Musik und am gemeinsamen Musizieren vermitteln</li>
</ul>
<p>So individuell jede und jeder von uns ist, so individuell sind auch die Einstiegsmöglichkeit in die musikalische Laufbahn beim Musikverein Gechingen. Je nach Vorkenntnissen, Alter und Interessen gibt es verschiedene Gruppen und Angebote.</p>
<table>
<tbody>
<tr>
<td style="width: 120px;"> <img loading="lazy" decoding="async" class="size-full wp-image-405 alignnone" src="http://mv-gechingen.de/wordpress_01/wp-content/uploads/2014/01/icon_note.jpg" alt="" width="100" height="70" /></td>
<td><a title="Musikalische Ausbildung" href="https://www.mv-gechingen.de/?page_id=257">musikalische Ausbildung</a></td>
</tr>
<tr>
<td> <img loading="lazy" decoding="async" class="size-full wp-image-1576 alignnone" src="http://mv-gechingen.de/wordpress_01/wp-content/uploads/2012/11/icon_musikerjugend.jpg" alt="" width="100" height="70" /></td>
<td><a title="Jugendgruppe" href="https://www.mv-gechingen.de/?page_id=266">Jugendgruppe</a></td>
</tr>
<tr>
<td> <img loading="lazy" decoding="async" class="wp-image-1576 size-full alignnone" src="http://mv-gechingen.de/wordpress_01/wp-content/uploads/2012/11/icon_musikerjugend.jpg" width="100" height="70" /></td>
<td><a title="Jugendkapelle" href="https://www.mv-gechingen.de/?page_id=268">Jugendkapelle</a></td>
</tr>
<tr>
<td> <img loading="lazy" decoding="async" class="size-full wp-image-1374 alignnone" src="http://mv-gechingen.de/wordpress_01/wp-content/uploads/2016/08/icon_cajon.jpg" alt="" width="100" height="70" /></td>
<td><a title="Cajon und Blockflöte" href="https://www.mv-gechingen.de/?page_id=1339">Blockfötenunterricht</a></td>
</tr>
<tr>
<td> <img loading="lazy" decoding="async" class="size-full wp-image-1373 alignnone" src="http://mv-gechingen.de/wordpress_01/wp-content/uploads/2016/08/icon_blaeserklasse.jpg" alt="" width="100" height="70" /></td>
<td><a title="Kooperation Schule/Verein" href="https://www.mv-gechingen.de/?page_id=1337">Kooperation Bläserklasse Realschule Althengstett</a></td>
</tr>
</tbody>
</table>
<table>
<tbody>
<tr>
<td></td>
<td>
<h3>Ihr ansprechpartner</h3>
<p><strong>Marvin Welte / Tina D&#8217;Aiera</strong><br />
<a href="mailto:jugendleitung@mv-gechingen.de">jugendleiter@mv-gechingen.de</a></td>
</tr>
</tbody>
</table>

<p>Eine fundierte Jugendarbeit und musikalische Früherziehung ist uns beim Musikverein Gechingen ganz besonders wichtig. Sie ist der Grundstein für ein in die Zukunft gerichtetes und erfolgreiches Vereinsleben. Deshalb haben wir es zu unserer Aufgabe gemacht, den musikalischen Weg jeder einzelnen &hellip; <a href="https://mv-gechingen.de/?page_id=126">Weiterlesen <span class="meta-nav">&rarr;</span></a></p>
