{"id":132,"date":"2013-03-28T18:34:23","date_gmt":"2013-03-28T18:34:23","guid":{"rendered":"https:\/\/mv-gechingen.de\/?page_id=132"},"modified":"2026-02-12T16:42:52","modified_gmt":"2026-02-12T15:42:52","slug":"die-vorstandschaft","status":"publish","type":"page","link":"https:\/\/mv-gechingen.de\/?page_id=132","title":{"rendered":"Vorstandschaft"},"content":{"rendered":"\n<figure class=\"wp-block-table\"><table><tbody><tr><td>\n<h3 style=\"padding-left: 30px;\">1. Vorsitzender<\/h3>\n<p style=\"padding-left: 30px;\"><strong>Frank Talmon l&#8217;Arm\u00e9e<\/strong><\/p>\n<p style=\"padding-left: 30px;\">Schlehenweg 14<strong><br>\n<\/strong>75391 Gechingen<br>\n<a href=\"mailto:vorstand@mv-gechingen.de\">vorstand@mv-gechingen.de<\/a><\/p>\n<\/td><\/tr><tr><td>\n<h3 style=\"padding-left: 30px;\">Stellv. Vorsitzender<\/h3>\n<p style=\"padding-left: 30px;\"><strong>Marcel H\u00e4rdter<br>\n<\/strong><a href=\"mailto:marcel.haerdter@mv-gechingen.de\">marcel.haerdter@mv-gechingen.de<\/a><\/p>\n<\/td><\/tr><tr><td>\n<h3 style=\"padding-left: 30px;\">Schriftf\u00fchrerin<\/h3>\n<p style=\"padding-left: 30px;\"><strong>Sarah Strohm<\/strong><br>\n<a href=\"mailto:kristina.weiss@mv-gechingen.de\">sarah.strohm@mv-gechingen.de<\/a><\/p>\n<\/td><\/tr><tr><td>\n<h3 style=\"padding-left: 30px;\">Kassenwart<\/h3>\n<p style=\"padding-left: 30px;\"><strong>Andr\u00e9 Talmon l&#8217;Arm\u00e9e<br>\n<\/strong><a href=\"mailto:kassenverwaltung@mv-gechingen.de\">kassenverwaltung@mv-gechingen.de<\/a><\/p>\n<\/td><\/tr><tr><td>\n<h3 style=\"padding-left: 30px;\">Jugendleiter<\/h3>\n<p style=\"padding-left: 30px;\"><strong>Marvin Welte<\/strong><br>\n<a href=\"mailto:jugendleiter@mv-gechingen.de\">jugendleiter@mv-gechingen.de<\/a><\/p>\n<\/td><\/tr><tr><td>\n<h3 style=\"padding-left: 30px;\">Stellv. Jugendleiterin<\/h3>\n<p style=\"padding-left: 30px;\"><strong>Tina D&#8217;Aiera<\/strong><br>\n<a href=\"mailto:jugendleiter@mv-gechingen.de\">jugendleiter@mv-gechingen.de<\/a><\/p>\n<\/td><\/tr><tr><td>\n<h3 style=\"padding-left: 30px;\">Beisitzer<\/h3>\n<p style=\"padding-left: 30px;\"><strong>Sofia Kempf<\/strong><\/p>\n<p style=\"padding-left: 30px;\"><strong>Janine Heinzelmann<\/strong><\/p>\n<p style=\"padding-left: 30px;\"><strong>Nadine Stahl<\/strong><\/p>\n<p style=\"padding-left: 30px;\"><strong>Maren Zell<\/strong><\/p>\n<\/td><\/tr><tr><td>\n<h3 style=\"padding-left: 30px;\">Ehrenvorsitzender<\/h3>\n<p style=\"padding-left: 30px;\"><strong>Frank Talmon l&#8217;Arm\u00e9e<\/strong><\/p>\n<\/td><\/tr><\/tbody><\/table><\/figure>\n","protected":false},"excerpt":{"rendered":"<p>1. Vorsitzender Frank Talmon l&#8217;Arm\u00e9e Schlehenweg 14 75391 Gechingen vorstand@mv-gechingen.de Stellv. Vorsitzender Marcel H\u00e4rdter marcel.haerdter@mv-gechingen.de Schriftf\u00fchrerin Sarah Strohm sarah.strohm@mv-gechingen.de Kassenwart Andr\u00e9 Talmon l&#8217;Arm\u00e9e kassenverwaltung@mv-gechingen.de Jugendleiter Marvin Welte jugendleiter@mv-gechingen.de Stellv. Jugendleiterin Tina D&#8217;Aiera jugendleiter@mv-gechingen.de Beisitzer Sofia Kempf Janine Heinzelmann Nadine Stahl &hellip; <a href=\"https:\/\/mv-gechingen.de\/?page_id=132\">Weiterlesen <span class=\"meta-nav\">&rarr;<\/span><\/a><\/p>\n","protected":false},"author":1,"featured_media":2867,"parent":2,"menu_order":0,"comment_status":"closed","ping_status":"closed","template":"","meta":{"footnotes":""},"_links":{"self":[{"href":"https:\/\/mv-gechingen.de\/index.php?rest_route=\/wp\/v2\/pages\/132"}],"collection":[{"href":"https:\/\/mv-gechingen.de\/index.php?rest_route=\/wp\/v2\/pages"}],"about":[{"href":"https:\/\/mv-gechingen.de\/index.php?rest_route=\/wp\/v2\/types\/page"}],"author":[{"embeddable":true,"href":"https:\/\/mv-gechingen.de\/index.php?rest_route=\/wp\/v2\/users\/1"}],"replies":[{"embeddable":true,"href":"https:\/\/mv-gechingen.de\/index.php?rest_route=%2Fwp%2Fv2%2Fcomments&post=132"}],"version-history":[{"count":69,"href":"https:\/\/mv-gechingen.de\/index.php?rest_route=\/wp\/v2\/pages\/132\/revisions"}],"predecessor-version":[{"id":2878,"href":"https:\/\/mv-gechingen.de\/index.php?rest_route=\/wp\/v2\/pages\/132\/revisions\/2878"}],"up":[{"embeddable":true,"href":"https:\/\/mv-gechingen.de\/index.php?rest_route=\/wp\/v2\/pages\/2"}],"wp:featuredmedia":[{"embeddable":true,"href":"https:\/\/mv-gechingen.de\/index.php?rest_route=\/wp\/v2\/media\/2867"}],"wp:attachment":[{"href":"https:\/\/mv-gechingen.de\/index.php?rest_route=%2Fwp%2Fv2%2Fmedia&parent=132"}],"curies":[{"name":"wp","href":"https:\/\/api.w.org\/{rel}","templated":true}]}}

<figure class="wp-block-table"><table><tbody><tr><td>
<h3 style="padding-left: 30px;">1. Vorsitzender</h3>
<p style="padding-left: 30px;"><strong>Frank Talmon l&#8217;Armée</strong></p>
<p style="padding-left: 30px;">Schlehenweg 14<strong><br>
</strong>75391 Gechingen<br>
<a href="mailto:vorstand@mv-gechingen.de">vorstand@mv-gechingen.de</a></p>
</td></tr><tr><td>
<h3 style="padding-left: 30px;">Stellv. Vorsitzender</h3>
<p style="padding-left: 30px;"><strong>Marcel Härdter<br>
</strong><a href="mailto:marcel.haerdter@mv-gechingen.de">marcel.haerdter@mv-gechingen.de</a></p>
</td></tr><tr><td>
<h3 style="padding-left: 30px;">Schriftführerin</h3>
<p style="padding-left: 30px;"><strong>Sarah Strohm</strong><br>
<a href="mailto:kristina.weiss@mv-gechingen.de">sarah.strohm@mv-gechingen.de</a></p>
</td></tr><tr><td>
<h3 style="padding-left: 30px;">Kassenwart</h3>
<p style="padding-left: 30px;"><strong>André Talmon l&#8217;Armée<br>
</strong><a href="mailto:kassenverwaltung@mv-gechingen.de">kassenverwaltung@mv-gechingen.de</a></p>
</td></tr><tr><td>
<h3 style="padding-left: 30px;">Jugendleiter</h3>
<p style="padding-left: 30px;"><strong>Marvin Welte</strong><br>
<a href="mailto:jugendleiter@mv-gechingen.de">jugendleiter@mv-gechingen.de</a></p>
</td></tr><tr><td>
<h3 style="padding-left: 30px;">Stellv. Jugendleiterin</h3>
<p style="padding-left: 30px;"><strong>Tina D&#8217;Aiera</strong><br>
<a href="mailto:jugendleiter@mv-gechingen.de">jugendleiter@mv-gechingen.de</a></p>
</td></tr><tr><td>
<h3 style="padding-left: 30px;">Beisitzer</h3>
<p style="padding-left: 30px;"><strong>Sofia Kempf</strong></p>
<p style="padding-left: 30px;"><strong>Janine Heinzelmann</strong></p>
<p style="padding-left: 30px;"><strong>Nadine Stahl</strong></p>
<p style="padding-left: 30px;"><strong>Maren Zell</strong></p>
</td></tr><tr><td>
<h3 style="padding-left: 30px;">Ehrenvorsitzender</h3>
<p style="padding-left: 30px;"><strong>Frank Talmon l&#8217;Armée</strong></p>
</td></tr></tbody></table></figure>

<p>1. Vorsitzender Frank Talmon l&#8217;Armée Schlehenweg 14 75391 Gechingen vorstand@mv-gechingen.de Stellv. Vorsitzender Marcel Härdter marcel.haerdter@mv-gechingen.de Schriftführerin Sarah Strohm sarah.strohm@mv-gechingen.de Kassenwart André Talmon l&#8217;Armée kassenverwaltung@mv-gechingen.de Jugendleiter Marvin Welte jugendleiter@mv-gechingen.de Stellv. Jugendleiterin Tina D&#8217;Aiera jugendleiter@mv-gechingen.de Beisitzer Sofia Kempf Janine Heinzelmann Nadine Stahl &hellip; <a href="https://mv-gechingen.de/?page_id=132">Weiterlesen <span class="meta-nav">&rarr;</span></a></p>
