{"id":137,"date":"2013-03-28T18:35:50","date_gmt":"2013-03-28T18:35:50","guid":{"rendered":"https:\/\/mv-gechingen.de\/?page_id=137"},"modified":"2019-11-19T21:45:29","modified_gmt":"2019-11-19T20:45:29","slug":"satzung","status":"publish","type":"page","link":"https:\/\/mv-gechingen.de\/?page_id=137","title":{"rendered":"Satzung"},"content":{"rendered":"<h2>des &#8222;Musikverein Eintracht Gechingen e.V.&#8220;<\/h2>\n<h3>Pr\u00e4ambel<\/h3>\n<p>Die in dieser Satzung verwendeten personenbezogenen Formulierungen \/ Funktionsbezeichnungen sind geschlechtsneutral zu verstehen und stehen zur Anwendung\u00a0f\u00fcr weibliche und m\u00e4nnliche Personen gleicherma\u00dfen zur Verf\u00fcgung.<\/p>\n<h3>\u00a7 1 Name, Rechtsform und Sitz<\/h3>\n<ol>\n<li><span style=\"font-weight: 400;\"> Der im Jahre 1877 gegr\u00fcndete Verein f\u00fchrt den Namen \u201cMusikverein Eintracht Gechingen\u00a0<\/span>e.V.\u201d und hat seinen Sitz in Gechingen.<\/li>\n<\/ol>\n<ol start=\"2\">\n<li><span style=\"font-weight: 400;\"> Er ist im Vereinsregister beim Amtsgericht Stuttgart mit der Vereinsnummer 330002\u00a0<\/span>eingetragen und damit ein rechtsf\u00e4higer Verein.<\/li>\n<\/ol>\n<ol start=\"3\">\n<li><span style=\"font-weight: 400;\"> Der Verein ist Mitglied des Kreisverbandes Calw, im Blasmusikverband Baden-<\/span>W\u00fcrttemberg e. V. (BVBW) der Bundesvereinigung Deutscher Blas- und Volksmusikverband (BDMV).<\/li>\n<\/ol>\n<h3>\u00a7 2 Zweck, Ziele und Aufgaben des Vereins<\/h3>\n<ol>\n<li><span style=\"font-weight: 400;\"> Der Verein dient der F\u00f6rderung von Kunst und Kultur, der Erhaltung der Blasmusik sowie\u00a0<\/span>der Pflege des damit verbundenen heimatlichen Brauchtums.<\/li>\n<\/ol>\n<ol start=\"2\">\n<li><span style=\"font-weight: 400;\"> Zu diesem Zweck erfolgen:\u00a0<\/span>\n<ol>\n<li><span style=\"font-weight: 400;\">regelm\u00e4\u00dfige Proben, <\/span><\/li>\n<li><span style=\"font-weight: 400;\">Konzerte und sonstige kulturelle Veranstaltungen, <\/span><\/li>\n<li><span style=\"font-weight: 400;\">Mitwirkung bei weltlichen und kirchlichen Veranstaltungen kultureller Art,<\/span><\/li>\n<li><span style=\"font-weight: 400;\">Teilnahme an Musikfesten der Bundesvereinigung Deutscher Blas- und\u00a0<\/span>Volksmusikverb\u00e4nde und seiner Unterverb\u00e4nde und Vereine,<\/li>\n<li>Aus- und Weiterbildung von Jugendlichen und Erwachsenen.<\/li>\n<\/ol>\n<\/li>\n<\/ol>\n<ol start=\"3\">\n<li><span style=\"font-weight: 400;\"> Der Verein ist ohne jede Absicht auf Gewinnerzielung t\u00e4tig. Er verwendet seine\u00a0<\/span>Einnahmen nur zur Bestreitung der auf Rechnung seiner Ziele notwendigen Ausgaben. Er wird zur Wahrung der politischen und religi\u00f6sen Freiheit seiner Mitglieder nach demokratischen Grunds\u00e4tzen gef\u00fchrt. Keine Person darf durch Ausgaben, die den Zwecken des Vereins fremd sind, oder durch unverh\u00e4ltnism\u00e4\u00dfig hohe Verg\u00fctungen beg\u00fcnstigt werden.<\/li>\n<\/ol>\n<ol start=\"4\">\n<li><span style=\"font-weight: 400;\"> Der Verein verfolgt nach Ma\u00dfgabe des \u00a7 2 dieser Satzung ausschlie\u00dflich und unmittelbar\u00a0<\/span>gemeinn\u00fctzige Zwecke im Sinne der \u00a7\u00a7 51 bis 68 der Abgabenordnung 1977. Er ist selbstlos t\u00e4tig und verfolgt nicht in erster Linie eigenwirtschaftliche Zwecke.<\/li>\n<\/ol>\n<h3>\u00a7 3 Mitgliedschaft (Erwerb und Verlust)<\/h3>\n<ol>\n<li><span style=\"font-weight: 400;\"> Der Verein besteht aus <\/span>\n<ol>\n<li><span style=\"font-weight: 400;\">a<\/span><span style=\"font-weight: 400;\">ktiven Mitgliedern<br \/>\n<\/span>Aktive Mitglieder sind die Musiker, Jugendmusiker sowie die Mitglieder des Vorstands nach \u00a7 7 dieser Satzung.<\/li>\n<li><span style=\"font-weight: 400;\">passiven Mitgliedern<br \/>\n<\/span>Passive Mitglieder sind nat\u00fcrliche Personen ohne Altersbegrenzung.<\/li>\n<li><span style=\"font-weight: 400;\">f\u00f6rdernden Mitgliedern<br \/>\n<\/span>F\u00f6rdernde Mitglieder sind nat\u00fcrliche und juristische Personen, die die Aufgaben des Vereins ideell und materiell f\u00f6rdern.<\/li>\n<li><span style=\"font-weight: 400;\">Ehrenmitgliedern<br \/>\n<\/span>siehe \u00a7 5<\/li>\n<\/ol>\n<\/li>\n<\/ol>\n<ol start=\"2\">\n<li><span style=\"font-weight: 400;\"> Die Mitgliedschaft kann durch einen schriftlichen Antrag, der an die Vorstandschaft zu\u00a0<\/span>richten ist, erworben werden. Bei beschr\u00e4nkt Gesch\u00e4ftsf\u00e4higen, insbesondere bei Minderj\u00e4hrigen ist der Antrag von dem gesetzlichen Vertreter zu unterzeichnen. Dieser verpflichtet sich zur regelm\u00e4\u00dfigen Zahlung der Mitglieds- und Ausbildungsbeitr\u00e4ge. Die Vorstandschaft entscheidet \u00fcber den Aufnahmeantrag nach freiem Ermessen. Sie teilt dem Antragsteller die Aufnahme oder Ablehnung seines Antrages schriftlich mit.<\/li>\n<\/ol>\n<ol start=\"3\">\n<li><span style=\"font-weight: 400;\"> Die Mitgliedschaft endet durch Tod, Austritt oder Ausschluss. Der Austritt kann auf 31.12.\u00a0<\/span>jeden Jahres erfolgen. Er muss gegen\u00fcber dem Vorsitzenden oder Schriftf\u00fchrer mindestens einen Monat vorher schriftlich erkl\u00e4rt werden.<\/li>\n<\/ol>\n<ol start=\"4\">\n<li><span style=\"font-weight: 400;\"> Wer gegen die Interessen oder das Ansehen des Vereins oder der BDMV oder deren Unterverb\u00e4nde verst\u00f6\u00dft, kann von der Vorstandschaft des Vereins ausgeschlossen werden. Gegen ihre Entscheidung kann binnen eines Monats die Mitgliederversammlung angerufen werden. Die Anrufung an die Mitgliederversammlung muss schriftlich erfolgen. Diese Anrufung hat aufschiebende Wirkung. Dem Mitglied muss in der Mitgliederversammlung die M\u00f6glichkeit zur Anh\u00f6rung gegeben werden. Der Ausschluss ist mit der Begr\u00fcndung dem Mitglied schriftlich mitzuteilen.\u00a0<\/span><\/li>\n<li>Endet die Mitgliedschaft aus einem der genannten Gr\u00fcnde, muss s\u00e4mtliches Vereinseigentum unverz\u00fcglich zur\u00fcckgegeben werden. Die R\u00fcckgabe hat an ein Mitglied der Vorstandschaft zu erfolgen.<\/li>\n<\/ol>\n<h3>\u00a7 4 Rechte und Pflichten der Mitglieder<\/h3>\n<ol>\n<li><span style=\"font-weight: 400;\">Alle Mitglieder haben das Recht\u00a0<\/span>\n<ol>\n<li><span style=\"font-weight: 400;\">nach den Bestimmungen dieser Satzung und bestehenden Ordnungen an\u00a0<\/span>Versammlungen und Veranstaltungen des Vereins teilzunehmen, Antr\u00e4ge zu stellen und s\u00e4mtliche allgemein angebotenen materiellen und ideellen Leistungen des Vereins in Anspruch zu nehmen;<\/li>\n<li><span style=\"font-weight: 400;\">sich von den beauftragten Mitarbeitern des Vereins instrumental aus- und fortbilden zu\u00a0<\/span>lassen; gegen Geb\u00fchren der aktuellen Geb\u00fchrenordnung;<\/li>\n<li><span style=\"font-weight: 400;\">Ehrungen und Auszeichnungen f\u00fcr verdiente Mitglieder zu beantragen und zu erhalten,\u00a0<\/span>die durch den Verein verliehen werden.<\/li>\n<\/ol>\n<\/li>\n<\/ol>\n<ol start=\"2\">\n<li><span style=\"font-weight: 400;\"> Alle Mitglieder sind verpflichtet, die Ziele und Aufgaben des Vereins nachhaltig zu\u00a0<\/span>unterst\u00fctzen und die Beschl\u00fcsse der Organe des Vereins durchzuf\u00fchren.<\/li>\n<\/ol>\n<ol start=\"3\">\n<li><span style=\"font-weight: 400;\"> Alle aktiven Mitglieder sind verpflichtet, an den Musikproben teilzunehmen und sich an\u00a0<\/span>den musikalischen Veranstaltungen des Vereins zu beteiligen.<\/li>\n<\/ol>\n<ol start=\"4\">\n<li><span style=\"font-weight: 400;\"> Die Mitglieder sind verpflichtet, die von der Mitgliederversammlung oder durch eine von\u00a0<\/span>der Mitgliederversammlung beschlossene Beitragsordnung dort festgelegten finanziellen Beitragsleistungen zu erbringen.<\/li>\n<\/ol>\n<ol start=\"5\">\n<li><span style=\"font-weight: 400;\"> Ehrenmitglieder \/ Ehrenvorst\u00e4nde sind beitragsfrei.<\/span><\/li>\n<\/ol>\n<h3>\u00a7 5 Ehrenmitgliedschaft<\/h3>\n<ol>\n<li><span style=\"font-weight: 400;\"> Mitglieder, die sich um den Verein besondere Verdienste erworben haben, k\u00f6nnen durch\u00a0<\/span>die Vorstandschaft zu Ehrenmitgliedern ernannt werden.<\/li>\n<\/ol>\n<ol start=\"2\">\n<li><span style=\"font-weight: 400;\"> Ein Vorsitzender der langj\u00e4hrige besondere Verdienste um den Verein erworben hat, kann\u00a0<\/span>durch Vorstandschaftsbeschluss zum Ehrenvorsitzenden ernannt werden.<\/li>\n<\/ol>\n<h3>\u00a7 6 Organe<\/h3>\n<ol>\n<li><span style=\"font-weight: 400;\"> Die Verwaltungsorgane des Vereins sind:\u00a0<\/span>\n<ol>\n<li><span style=\"font-weight: 400;\">der Vorstand, <\/span><\/li>\n<li><span style=\"font-weight: 400;\">die Vorstandschaft,<\/span><\/li>\n<li><span style=\"font-weight: 400;\">die Mitgliederversammlung.\u00a0<\/span><\/li>\n<\/ol>\n<\/li>\n<\/ol>\n<ol start=\"2\">\n<li><span style=\"font-weight: 400;\"> Die Organe beschlie\u00dfen, soweit in der Satzung nichts anderes bestimmt ist, mit einfacher Mehrheit der sich an der Abstimmung beteiligenden Mitglieder. Bei Stimmengleichheit gilt der Antrag als abgelehnt. Stimmenthaltungen und ung\u00fcltige Stimmen werden nicht mitgez\u00e4hlt.\u00a0<\/span><\/li>\n<\/ol>\n<ol start=\"3\">\n<li><span style=\"font-weight: 400;\"> \u00dcber die Sitzungen der Organe ist vom Schriftf\u00fchrer eine\u00a0<\/span>Niederschrift zu fertigen, die den wesentlichen Inhalt der Beratungen und Beschl\u00fcsse enthalten muss. Das Protokoll ist vom Vorsitzenden gegenzuzeichnen.<\/li>\n<\/ol>\n<h3>\u00a7 7 Der Vorstand<\/h3>\n<ol>\n<li><span style=\"font-weight: 400;\">Der Vorstand besteht aus:\u00a0<\/span>\n<ol>\n<li><span style=\"font-weight: 400;\">dem Vorsitzenden, <\/span><\/li>\n<li><span style=\"font-weight: 400;\">dem stellvertretenden Vorsitzenden.\u00a0<\/span><\/li>\n<\/ol>\n<\/li>\n<\/ol>\n<h3>\u00a7 8 Die Vorstandschaft<\/h3>\n<ol>\n<li><span style=\"font-weight: 400;\"> Die Vorstandschaft setzt sich zusammen aus:\u00a0<\/span>\n<ol>\n<li><span style=\"font-weight: 400;\">dem Vorsitzenden, <\/span><\/li>\n<li><span style=\"font-weight: 400;\">dem stellvertretenden Vorsitzenden, <\/span><\/li>\n<li><span style=\"font-weight: 400;\">dem Schriftf\u00fchrer, <\/span><\/li>\n<li><span style=\"font-weight: 400;\">dem Kassier, <\/span><\/li>\n<li><span style=\"font-weight: 400;\">dem Jugendleiter, <\/span><\/li>\n<li><span style=\"font-weight: 400;\">dem Jugendvertreter, der mindestens 18 Jahre alt sein muss, <\/span><\/li>\n<li><span style=\"font-weight: 400;\">den Ehrenvorsitzenden, <\/span><\/li>\n<li><span style=\"font-weight: 400;\">dem 1. Beisitzer, <\/span><\/li>\n<li><span style=\"font-weight: 400;\">dem 2. Beisitzer, <\/span><\/li>\n<li><span style=\"font-weight: 400;\">dem 3. Beisitzer, <\/span><\/li>\n<li><span style=\"font-weight: 400;\">dem 4. Beisitzer.\u00a0<\/span><\/li>\n<\/ol>\n<\/li>\n<\/ol>\n<p style=\"padding-left: 60px;\"><em>Es m\u00fcssen mindestens 2, h\u00f6chstens 4 Beisitzer sein, von denen 2 aktive Musiker sein sollen.\u00a0<\/em><\/p>\n<ol start=\"2\">\n<li><span style=\"font-weight: 400;\"> Die Vorstandschaft wird von der Mitgliederversammlung gew\u00e4hlt. Sie bleibt bis zur\u00a0<\/span>Neuwahl im Amt. Die Wahl wird durch Abgabe von Stimmzetteln durchgef\u00fchrt. Wenn kein Mitglied widerspricht, kann durch Zuruf gew\u00e4hlt werden. Wiederwahl ist zul\u00e4ssig.<\/li>\n<\/ol>\n<ol start=\"3\">\n<li><span style=\"font-weight: 400;\"> Die Wahlen erfolgen zeitversetzt auf 2 Jahre.<br \/>\n<\/span>Es werden gew\u00e4hlt:<\/br>Bei geraden Jahreszahlen: Vorsitzender, Schriftf\u00fchrer, Jugendvertreter,<br \/>\n1. Beisitzer, 3. Beisitzer;<\/br>bei ungeraden Jahreszahlen: Stellvertretender Vorsitzender, Kassier, Jugendleiter, 2. Beisitzer, 4. Beisitzer.<\/p>\n<p><em><span style=\"font-weight: 400;\">Vorstandswahl 2020:<br \/>\n<\/span><span style=\"font-weight: 400;\">F\u00fcr 2 Jahre gew\u00e4hlt werden: Vorsitzender, Schriftf\u00fchrer, Jugendvertreter, 1. und 3. Beisitzer.<br \/>\n<\/span><span style=\"font-weight: 400;\">F\u00fcr ein Jahr gew\u00e4hlt werden: stellvertretender Vorsitzender, Kassier, Jugendleiter, 2. und 4. Beisitzer<\/span><\/em><\/p>\n<p>Wenn ein bestehendes Mitglied der Vorstandschaft w\u00e4hrend seiner 2 j\u00e4hrigen Amtszeit in eine andere Position innerhalb der Vorstandschaft gew\u00e4hlt wird, so ist die freiwerdende Position wieder zu besetzen so dass die Vorstandschaft im Sinne des \u00a7 8 Abs. 1 vollst\u00e4ndig ist.<\/li>\n<\/ol>\n<ol start=\"4\">\n<li><span style=\"font-weight: 400;\"> Die Vorstandschaft wird vom Vorsitzenden nach Bedarf einberufen. Er muss einberufen, wenn dies mindestens 4 Vorstandschaftsmitglieder beantragen. Die Vorstandschaft ist beschlussf\u00e4hig, wenn mindestens 5 Mitglieder anwesend sind.\u00a0<\/span><\/li>\n<\/ol>\n<ol start=\"5\">\n<li><span style=\"font-weight: 400;\"> Der Dirigent nimmt mit beratender Stimme an den Sitzungen des Vorstandes teil.\u00a0<\/span><\/li>\n<\/ol>\n<ol start=\"6\">\n<li><span style=\"font-weight: 400;\"> Die Vorstandschaft beschlie\u00dft \u00fcber die Angelegenheiten, soweit nach der Satzung nicht die\u00a0<\/span>Mitgliederversammlung zust\u00e4ndig ist.<\/li>\n<\/ol>\n<ol start=\"7\">\n<li><span style=\"font-weight: 400;\"> Ein Mitgliederverzeichnis wird von einem Mitglied der Vorstandschaft gef\u00fchrt. <\/span><\/li>\n<\/ol>\n<h3>\u00a7 9 Die Mitgliederversammlung<\/h3>\n<ol>\n<li><span style=\"font-weight: 400;\"> Die Mitgliederversammlung findet einmal j\u00e4hrlich, in dem auf das\u00a0<\/span>Gesch\u00e4ftsjahr folgenden Jahr, statt. Sie wird von der Vorstandschaft mindestens zwei Wochen vorher durch \u00f6ffentliche Bekanntmachung im Mitteilungsblatt der Gemeinde Gechingen, unter Angabe der Tagesordnung, bekannt gegeben. Antr\u00e4ge an die Mitgliederversammlung sind sp\u00e4testens eine Woche vor ihrer Durchf\u00fchrung schriftlich an den Vorsitzenden zu richten.<\/li>\n<\/ol>\n<ol start=\"2\">\n<li><span style=\"font-weight: 400;\"> Die Vorstandschaft kann bei dringendem Bedarf au\u00dferordentliche\u00a0<\/span>Mitgliederversammlungen einberufen. Sie muss dies tun, wenn mindestens ein Drittel der Mitglieder dies unter Angabe der Gr\u00fcnde fordert. F\u00fcr die Bekanntmachung oder Benachrichtigung gilt Absatz 1; jedoch kann n\u00f6tigenfalls die Frist auf eine Woche verk\u00fcrzt werden.<\/li>\n<\/ol>\n<ol start=\"3\">\n<li><span style=\"font-weight: 400;\"> Die Mitgliederversammlung ist ohne R\u00fccksicht auf die Zahl der\u00a0<\/span>Anwesenden Mitglieder beschlussf\u00e4hig und \u00f6ffentlich, soweit nicht durch deren Beschluss zu einem genau bezeichneten Punkt die \u00d6ffentlichkeit ausgeschlossen wird.<\/li>\n<\/ol>\n<ol start=\"4\">\n<li><span style=\"font-weight: 400;\"> Die Mitgliederversammlung ist zust\u00e4ndig f\u00fcr:\u00a0<\/span>\n<ol>\n<li><span style=\"font-weight: 400;\">die Entgegennahmen der Gesch\u00e4fts- und Kassenberichte, <\/span><\/li>\n<li><span style=\"font-weight: 400;\">die Entlastung der Vorstandschaft, <\/span><\/li>\n<li><span style=\"font-weight: 400;\">die Festsetzung des Mitgliedsbeitrags und einer eventuellen\u00a0<\/span>Aufnahmegeb\u00fchr (beides gilt bis die Mitgliederversammlung ihn ab\u00e4ndert),<\/li>\n<li>die Wahl der Vorstandschaft,<\/li>\n<li>die Wahl der Kassenpr\u00fcfer, die Wahl erfolgt ebenfalls f\u00fcr 2 Jahre bei geraden Jahreszahlen, die Kassenpr\u00fcfer geh\u00f6ren nicht der Vorstandschaft an,<\/li>\n<li>die \u00c4nderung der Satzung,<\/li>\n<li>Entscheidungen und Einspr\u00fcche gegen Beschl\u00fcsse der Vorstandschaft betreffend Aufnahme und Ausschluss von Mitgliedern,<\/li>\n<li>die Entscheidung \u00fcber wichtige Angelegenheiten, die die Vorstandschaft an die Mitgliederversammlung \u00fcberwiesen hat,<\/li>\n<li>die Aufl\u00f6sung des Vereins und<\/li>\n<li>den Austritt aus dem BVBW bzw. BDMV.<\/li>\n<\/ol>\n<\/li>\n<\/ol>\n<h3>\u00a7 10 Der Vorsitzende<\/h3>\n<ol>\n<li><span style=\"font-weight: 400;\"> Gesetzlicher Vertreter des Vereins im Sinne des \u00a7 26 BGB sind der Vorsitzende oder der\u00a0<\/span>stellvertretende Vorsitzende.<br \/>\nJeder von ihnen ist alleine vertretungsberechtigt.<\/li>\n<\/ol>\n<ol start=\"2\">\n<li><span style=\"font-weight: 400;\"> Der Vorsitzende leitet die Mitgliederversammlung und Sitzung der Vorstandschaft und\u00a0<\/span>sorgt f\u00fcr die Durchf\u00fchrung der Beschl\u00fcsse dieser Organe.<\/li>\n<\/ol>\n<ol start=\"3\">\n<li><span style=\"font-weight: 400;\"> Im Innenverh\u00e4ltnis wird der Vorsitzende im Falle seiner Verhinderung in allen seinen\u00a0<\/span>Rechten und Pflichten durch den stellvertretenden Vorsitzenden vertreten. Der Fall der Verhinderung ist Dritten gegen\u00fcber nicht nachzuweisen. Bei Nichteinhaltung des Vertretungsfalles ist der stellvertretende Vorsitzende dem Verein gegebenenfalls ersatzpflichtig.<br \/>\nDer Vorsitzende kann seinem Stellvertreter jederzeit einen speziellen oder allgemeinen Auftrag erteilen.<\/li>\n<\/ol>\n<ol start=\"4\">\n<li><span style=\"font-weight: 400;\"> Der Vorstand kann zur Unterst\u00fctzung seiner Arbeit einzelne Aufgaben sachkundigen\u00a0<\/span>Mitgliedern \u00fcbertragen.<\/li>\n<\/ol>\n<h3>\u00a7 11 Gesch\u00e4ftsf\u00fchrung<\/h3>\n<ol>\n<li><span style=\"font-weight: 400;\"> Die laufenden Verwaltungsgesch\u00e4fte erledigt der Vorsitzende.\u00a0<\/span><\/li>\n<\/ol>\n<ol start=\"2\">\n<li><span style=\"font-weight: 400;\"> Der Vorsitzende und sonst in der Verwaltung t\u00e4tige Mitglieder erhalten nur ihre\u00a0<\/span>Aufwendungen verg\u00fctet.<\/li>\n<\/ol>\n<h3>\u00a7 12 Der Schriftf\u00fchrer<\/h3>\n<p>Der Schriftf\u00fchrer erstattet der Mitgliederversammlung einen Bericht \u00fcber seine Aufzeichnungen.<\/p>\n<h3>\u00a7 13 Kassenf\u00fchrung<\/h3>\n<ol>\n<li><span style=\"font-weight: 400;\"> Die Kassengesch\u00e4fte erledigt der Kassier entsprechend der\u00a0<\/span>Kassenordnung.<\/li>\n<\/ol>\n<ol start=\"2\">\n<li><span style=\"font-weight: 400;\"> Der Kassier fertigt zu jeder ordentlichen Mitgliederversammlung einen Kassenabschluss,\u00a0<\/span>welcher der Mitgliederversammlung zur Anerkennung und Entlastung vorzulegen ist. Zwei von der Mitgliederversammlung gew\u00e4hlte Kassenpr\u00fcfer haben zuvor die Kassenf\u00fchrung zu pr\u00fcfen und einen Pr\u00fcfungsbericht abzugeben. Die Kassenpr\u00fcfer haben dar\u00fcber jederzeit das Recht Kassenpr\u00fcfungen vorzunehmen.<\/li>\n<\/ol>\n<h3>\u00a7 14 Das Gesch\u00e4ftsjahr<\/h3>\n<p>Das Gesch\u00e4ftsjahr ist das Kalenderjahr.<\/p>\n<h3>\u00a7 15 Satzungs\u00e4nderungen<\/h3>\n<p>Satzungs\u00e4nderungen k\u00f6nnen von jedem Mitglied als Antrag jeweils eine Woche vor der Mitgliederversammlung gestellt werden. Eine Satzungs\u00e4nderung kann von der Mitgliederversammlung mit einer Mehrheit von 3\/4 der anwesenden Mitglieder beschlossen werden. Im \u00dcbrigen gelten f\u00fcr Satzungs\u00e4nderungen die Vorschriften des BGB.<\/p>\n<h3>\u00a7 16 Aufl\u00f6sung<\/h3>\n<ol>\n<li><span style=\"font-weight: 400;\"> Die Aufl\u00f6sung kann nur von einer f\u00fcr diesen Zweck einberufenen au\u00dferordentlichen\u00a0<\/span>Mitgliederversammlung mit einer Mehrheit von 3\/4 der anwesenden Mitglieder beschlossen werden.<\/li>\n<\/ol>\n<ol start=\"2\">\n<li><span style=\"font-weight: 400;\"> Bei der Aufl\u00f6sung des Vereins wird das verbleibende Vereinsverm\u00f6gen der\u00a0<\/span>Gemeindeverwaltung Gechingen \u00fcbergeben mit der Bestimmung, es zu verwalten, bis ein neu gegr\u00fcndeter Musikverein mit den gleichen Zielen und Bestrebungen gegr\u00fcndet wird, um es dann dem neu gegr\u00fcndeten Verein zu \u00fcbergeben. Wird innerhalb von 10 Jahren kein neuer Verein in diesem Sinne in Gechingen gegr\u00fcndet, so hat die Gemeinde Gechingen das Verm\u00f6gen mit Zustimmung des Finanzamtes gemeinn\u00fctzigen Zwecken in Gechingen zuzuf\u00fchren. Bei der Aufl\u00f6sung kann auch eine andere Verwendung beschlossen werden, wenn das Finanzamt dieser beabsichtigten Verwendung zustimmt.<\/li>\n<\/ol>\n<h3>\u00a7 17 Datenschutzregelungen<\/h3>\n<ol>\n<li><span style=\"font-weight: 400;\"> Zur Erf\u00fcllung der satzungsgem\u00e4\u00dfen Zwecke und Aufgaben des Vereins werden unter Beachtung der Vorgaben der EU-Datenschutz-Grundverordnung (DSGVO) und des Bundesdatenschutzgesetzes (BDSG) personenbezogene Daten \u00fcber pers\u00f6nliche und sachliche Verh\u00e4ltnisse der Mitglieder im Verein erhoben, verarbeitet und genutzt.\u00a0<\/span><\/li>\n<\/ol>\n<ol start=\"2\">\n<li><span style=\"font-weight: 400;\"> Soweit die in den jeweiligen Vorschriften beschriebenen Voraussetzungen vorliegen, hat\u00a0<\/span>jedes Vereinsmitglied insbesondere die folgenden Rechte:<\/li>\n<\/ol>\n<ul>\n<li><span style=\"font-weight: 400;\"> das Recht auf Auskunft nach Artikel 15 DSGVO,\u00a0<\/span><\/li>\n<li><span style=\"font-weight: 400;\"> das Recht auf Berichtigung nach Artikel 16 DSGVO,\u00a0<\/span><\/li>\n<li><span style=\"font-weight: 400;\"> das Recht auf L\u00f6schung nach Artikel 17 DSGVO,\u00a0<\/span><\/li>\n<li><span style=\"font-weight: 400;\"> das Recht auf Einschr\u00e4nkung der Verarbeitung nach Artikel 18 DSGVO,\u00a0<\/span><\/li>\n<li><span style=\"font-weight: 400;\"> das Recht auf Daten\u00fcbertragbarkeit nach Artikel 20 DSGVO,\u00a0<\/span><\/li>\n<li><span style=\"font-weight: 400;\"> das Widerspruchsrecht nach Artikel 21 DSGVO und\u00a0<\/span><\/li>\n<li><span style=\"font-weight: 400;\"> das Recht auf Beschwerde bei einer Aufsichtsbeh\u00f6rde nach Artikel 77 DSGVO.\u00a0<\/span><\/li>\n<\/ul>\n<ol start=\"3\">\n<li><span style=\"font-weight: 400;\"> Den Funktions- und Amtstr\u00e4gern in den Organen des Vereins, allen ehrenamtlich und\u00a0<\/span>hauptamtlichen Mitarbeitern oder sonst f\u00fcr den Verein T\u00e4tigen ist es untersagt, personenbezogene Daten unbefugt zu anderen als dem jeweiligen zur Aufgabenerf\u00fcllung geh\u00f6renden Zweck zu verarbeiten, bekannt zu geben, Dritten zug\u00e4nglich zu machen oder sonst zu nutzen. Diese Pflicht besteht auch \u00fcber das Ausscheiden der oben genannten Personen aus dem Verein hinaus.<\/li>\n<\/ol>\n<ol start=\"4\">\n<li><span style=\"font-weight: 400;\"> Zur Wahrnehmung der Aufgaben und Pflichten nach der EU-Datenschutz-G<\/span>rundverordnung und dem Bundesdatenschutzgesetz bestellt der gesch\u00e4ftsf\u00fchrende Vorstand einen Datenschutzbeauftragten.<\/li>\n<\/ol>\n<ol start=\"5\">\n<li><span style=\"font-weight: 400;\"> Weitere Datenschutzregelungen zur Erhebung, Verarbeitung und Nutzung von\u00a0<\/span>personenbezogenen Daten im Verein sind in einer gesonderten Datenschutzordnung schriftlich niedergelegt. Diese Datenschutzordnung kann vom Vorstand des Vereins beschlossen werden.<\/li>\n<\/ol>\n<p>&nbsp;<\/p>\n<p><span style=\"font-weight: 400;\">Gechingen, den 26.01.2019\u00a0<\/span><\/p>\n<p><span style=\"font-weight: 400;\">Markus Dingler,\u00a0Vorsitzender<br \/>\n<\/span><span style=\"font-weight: 400;\">Ann-Kathrin Breitling, stellvertretende Vorsitzende <\/span><\/p>\n","protected":false},"excerpt":{"rendered":"<p>des &#8222;Musikverein Eintracht Gechingen e.V.&#8220; Pr\u00e4ambel Die in dieser Satzung verwendeten personenbezogenen Formulierungen \/ Funktionsbezeichnungen sind geschlechtsneutral zu verstehen und stehen zur Anwendung\u00a0f\u00fcr weibliche und m\u00e4nnliche Personen gleicherma\u00dfen zur Verf\u00fcgung. \u00a7 1 Name, Rechtsform und Sitz Der im Jahre 1877 &hellip; <a href=\"https:\/\/mv-gechingen.de\/?page_id=137\">Weiterlesen <span class=\"meta-nav\">&rarr;<\/span><\/a><\/p>\n","protected":false},"author":1,"featured_media":474,"parent":2,"menu_order":0,"comment_status":"closed","ping_status":"closed","template":"","meta":{"footnotes":""},"_links":{"self":[{"href":"https:\/\/mv-gechingen.de\/index.php?rest_route=\/wp\/v2\/pages\/137"}],"collection":[{"href":"https:\/\/mv-gechingen.de\/index.php?rest_route=\/wp\/v2\/pages"}],"about":[{"href":"https:\/\/mv-gechingen.de\/index.php?rest_route=\/wp\/v2\/types\/page"}],"author":[{"embeddable":true,"href":"https:\/\/mv-gechingen.de\/index.php?rest_route=\/wp\/v2\/users\/1"}],"replies":[{"embeddable":true,"href":"https:\/\/mv-gechingen.de\/index.php?rest_route=%2Fwp%2Fv2%2Fcomments&post=137"}],"version-history":[{"count":7,"href":"https:\/\/mv-gechingen.de\/index.php?rest_route=\/wp\/v2\/pages\/137\/revisions"}],"predecessor-version":[{"id":2138,"href":"https:\/\/mv-gechingen.de\/index.php?rest_route=\/wp\/v2\/pages\/137\/revisions\/2138"}],"up":[{"embeddable":true,"href":"https:\/\/mv-gechingen.de\/index.php?rest_route=\/wp\/v2\/pages\/2"}],"wp:featuredmedia":[{"embeddable":true,"href":"https:\/\/mv-gechingen.de\/index.php?rest_route=\/wp\/v2\/media\/474"}],"wp:attachment":[{"href":"https:\/\/mv-gechingen.de\/index.php?rest_route=%2Fwp%2Fv2%2Fmedia&parent=137"}],"curies":[{"name":"wp","href":"https:\/\/api.w.org\/{rel}","templated":true}]}}