{"id":139,"date":"2013-03-28T18:36:30","date_gmt":"2013-03-28T18:36:30","guid":{"rendered":"https:\/\/mv-gechingen.de\/?page_id=139"},"modified":"2014-01-26T18:06:00","modified_gmt":"2014-01-26T18:06:00","slug":"freunde-mg-kerzers","status":"publish","type":"page","link":"https:\/\/mv-gechingen.de\/?page_id=139","title":{"rendered":"Freunde MG Kerzers"},"content":{"rendered":"<h2>Unsere Musikfreunde aus der Schweiz<\/h2>\n<p>Begonnen hat die Freundschaft der beiden Vereine im Jahre 1969. Die Musikgesellschaft Kerzers (Schweiz) veranstaltete damals ein Gemeindefest und w\u00fcnschte sich zur Unterhaltung der G\u00e4ste eine deutsche Kapelle. Da Merklingen keine Zeit hatte, wurde der Musikverein Gechingen gefragt. Die Schweizer wollten sich aber erst ein Bild vom K\u00f6nnen der Gechinger machen und so besuchte eine kleine Delegation aus Kerzers den Fasching in Gechingen und war sofort begeistert. Der Musikverein Gechingen spielte daraufhin beim Gemeindefest in Kerzers.<\/p>\n<p>Ein Jahr sp\u00e4ter, bei der Schwimmbadeinweihung in Kerzers, begann die Freundschaft unter den Musikern richtig zu reifen. Ab diesem Zeitpunkt waren die Gechinger fast jedes Jahr zu Besuch in Kerzers, denn Anl\u00e4sse wie Gem\u00fcsefest, Feldschie\u00dfen oder das Gemeindefest gab es zuhauf. Erz\u00e4hlungen nach fiel den Gechingern der Abschied immer so schwer, dass die Abreise sich jedes Mal um einige Stunden verz\u00f6gerte. Zwischen den Musikern entstanden teilweise tiefe Freundschaften, Patenschaften h\u00e4uften sich und bis zum heutigen Tag treffen sich die Musiker auch privat.<\/p>\n<p>1994 konnte die Freundschaft ihr 25-j\u00e4hriges Bestehen in Birkendorf (Schwarzwald), dem Geburtsort unseres Dirigenten Anton Hirzle, feiern.<\/p>\n<p>Leider sind seit dieser Zusammenkunft Treffen der gesamten Vereine selten geworden. Daher setzten wir uns als Ziel im Jubil\u00e4umsjahr 2002 unter anderem die Freundschaft zur Musikgesellschaft Kerzers wieder aufzubauen, denn gerade die Jugendlichen beider Vereine hatten kaum Gelegenheit sich gegenseitig richtig kennenzulernen. Zu unser aller Freude konnte die Musikgesellschaft Kerzers zu unserem 125-j\u00e4hrigen Jubil\u00e4um im Jahr 2002 nach Gechingen kommen und unseren Festakt mitgestalten.<\/p>\n<p>Anl\u00e4sslich der Einweihung neuer Uniformen reisten 2010 die aktiven Mitglieder des Musikverein Gechingens nach Kerzers. Highlight unsers 2-t\u00e4gigen Aufenthalt war der Auftritt auf dem Festakt zur Uniformeinweihung und der gemeinsame Umzug mit den der Musikgesellschaft Kerzers durch den Ort in der Schweiz. Gerade die j\u00fcngeren Musikern der beiden Vereine hatten erstmals die Chance sich kennen zu lernen.<\/p>\n","protected":false},"excerpt":{"rendered":"<p>Unsere Musikfreunde aus der Schweiz Begonnen hat die Freundschaft der beiden Vereine im Jahre 1969. Die Musikgesellschaft Kerzers (Schweiz) veranstaltete damals ein Gemeindefest und w\u00fcnschte sich zur Unterhaltung der G\u00e4ste eine deutsche Kapelle. Da Merklingen keine Zeit hatte, wurde der &hellip; <a href=\"https:\/\/mv-gechingen.de\/?page_id=139\">Weiterlesen <span class=\"meta-nav\">&rarr;<\/span><\/a><\/p>\n","protected":false},"author":1,"featured_media":435,"parent":2,"menu_order":0,"comment_status":"closed","ping_status":"closed","template":"","meta":{"footnotes":""},"_links":{"self":[{"href":"https:\/\/mv-gechingen.de\/index.php?rest_route=\/wp\/v2\/pages\/139"}],"collection":[{"href":"https:\/\/mv-gechingen.de\/index.php?rest_route=\/wp\/v2\/pages"}],"about":[{"href":"https:\/\/mv-gechingen.de\/index.php?rest_route=\/wp\/v2\/types\/page"}],"author":[{"embeddable":true,"href":"https:\/\/mv-gechingen.de\/index.php?rest_route=\/wp\/v2\/users\/1"}],"replies":[{"embeddable":true,"href":"https:\/\/mv-gechingen.de\/index.php?rest_route=%2Fwp%2Fv2%2Fcomments&post=139"}],"version-history":[{"count":3,"href":"https:\/\/mv-gechingen.de\/index.php?rest_route=\/wp\/v2\/pages\/139\/revisions"}],"predecessor-version":[{"id":551,"href":"https:\/\/mv-gechingen.de\/index.php?rest_route=\/wp\/v2\/pages\/139\/revisions\/551"}],"up":[{"embeddable":true,"href":"https:\/\/mv-gechingen.de\/index.php?rest_route=\/wp\/v2\/pages\/2"}],"wp:featuredmedia":[{"embeddable":true,"href":"https:\/\/mv-gechingen.de\/index.php?rest_route=\/wp\/v2\/media\/435"}],"wp:attachment":[{"href":"https:\/\/mv-gechingen.de\/index.php?rest_route=%2Fwp%2Fv2%2Fmedia&parent=139"}],"curies":[{"name":"wp","href":"https:\/\/api.w.org\/{rel}","templated":true}]}}

<h2>Unsere Musikfreunde aus der Schweiz</h2>
<p>Begonnen hat die Freundschaft der beiden Vereine im Jahre 1969. Die Musikgesellschaft Kerzers (Schweiz) veranstaltete damals ein Gemeindefest und wünschte sich zur Unterhaltung der Gäste eine deutsche Kapelle. Da Merklingen keine Zeit hatte, wurde der Musikverein Gechingen gefragt. Die Schweizer wollten sich aber erst ein Bild vom Können der Gechinger machen und so besuchte eine kleine Delegation aus Kerzers den Fasching in Gechingen und war sofort begeistert. Der Musikverein Gechingen spielte daraufhin beim Gemeindefest in Kerzers.</p>
<p>Ein Jahr später, bei der Schwimmbadeinweihung in Kerzers, begann die Freundschaft unter den Musikern richtig zu reifen. Ab diesem Zeitpunkt waren die Gechinger fast jedes Jahr zu Besuch in Kerzers, denn Anlässe wie Gemüsefest, Feldschießen oder das Gemeindefest gab es zuhauf. Erzählungen nach fiel den Gechingern der Abschied immer so schwer, dass die Abreise sich jedes Mal um einige Stunden verzögerte. Zwischen den Musikern entstanden teilweise tiefe Freundschaften, Patenschaften häuften sich und bis zum heutigen Tag treffen sich die Musiker auch privat.</p>
<p>1994 konnte die Freundschaft ihr 25-jähriges Bestehen in Birkendorf (Schwarzwald), dem Geburtsort unseres Dirigenten Anton Hirzle, feiern.</p>
<p>Leider sind seit dieser Zusammenkunft Treffen der gesamten Vereine selten geworden. Daher setzten wir uns als Ziel im Jubiläumsjahr 2002 unter anderem die Freundschaft zur Musikgesellschaft Kerzers wieder aufzubauen, denn gerade die Jugendlichen beider Vereine hatten kaum Gelegenheit sich gegenseitig richtig kennenzulernen. Zu unser aller Freude konnte die Musikgesellschaft Kerzers zu unserem 125-jährigen Jubiläum im Jahr 2002 nach Gechingen kommen und unseren Festakt mitgestalten.</p>
<p>Anlässlich der Einweihung neuer Uniformen reisten 2010 die aktiven Mitglieder des Musikverein Gechingens nach Kerzers. Highlight unsers 2-tägigen Aufenthalt war der Auftritt auf dem Festakt zur Uniformeinweihung und der gemeinsame Umzug mit den der Musikgesellschaft Kerzers durch den Ort in der Schweiz. Gerade die jüngeren Musikern der beiden Vereine hatten erstmals die Chance sich kennen zu lernen.</p>

<p>Unsere Musikfreunde aus der Schweiz Begonnen hat die Freundschaft der beiden Vereine im Jahre 1969. Die Musikgesellschaft Kerzers (Schweiz) veranstaltete damals ein Gemeindefest und wünschte sich zur Unterhaltung der Gäste eine deutsche Kapelle. Da Merklingen keine Zeit hatte, wurde der &hellip; <a href="https://mv-gechingen.de/?page_id=139">Weiterlesen <span class="meta-nav">&rarr;</span></a></p>
