{"id":2,"date":"2012-11-26T11:24:23","date_gmt":"2012-11-26T11:24:23","guid":{"rendered":"https:\/\/mv-gechingen.de\/?page_id=2"},"modified":"2017-01-05T15:14:17","modified_gmt":"2017-01-05T14:14:17","slug":"der-mvg","status":"publish","type":"page","link":"https:\/\/mv-gechingen.de\/?page_id=2","title":{"rendered":"Der MVG"},"content":{"rendered":"<h2>Es war(en)\u00a0 einmal&#8230;<\/h2>\n<p>&#8230;sieben Schwaben und ein G\u00f6nner mit \u00fcberdurchschnittlichen musikalischen F\u00e4higkeiten ausgestattet, welche eine Vision hatten \u2013 gemeinsam zu musizieren. Das war 1877, der Grundstein f\u00fcr den Musikverein Gechingen.Die Zeiten haben sich in all den Jahren ge\u00e4ndert und werden sich weiter \u00e4ndern. Dennoch bleibt unser Bestreben und unsere Ziel das gleiche: Musizieren Jahr ein, Jahr aus, bei Wind und Wetter, in Nah und Fern. Musizieren um Freude zu bereiten und Freude zu erfahren. Denn Musik ist die Sprache, die keine Worte braucht und auf der ganzen Welt verstanden wird.Unsere Vision: Blasmusik im Wandel der Zeit kennen zu lernen, darzubieten und zu pflegen. \u201eNeue\u201c Blasmusik zu entdecken und \u201ealte\u201c Blasmusik wieder zu entdecken.Um unsere Vision zu erf\u00fcllen, ziehen wir alle an einem Strang. Dabei spielt die Ausbildung von Jugendlichen, die Vorbereitung und Organisation von Konzerten und anderen Veranstaltungen, sowie ein ausgepr\u00e4gtes Vereinsleben, eine gro\u00dfe Rolle. Dabei steht die Musik ganz im Vordergrund. Je nach Anlass und Arrangement finden wir uns so in verschiedenen Formationen zusammen:<\/p>\n<table>\n<tbody>\n<tr>\n<td><a href=\"https:\/\/www.mv-gechingen.de\/?page_id=78\"><img loading=\"lazy\" decoding=\"async\" class=\"alignnone\" src=\"https:\/\/www.mv-gechingen.de\/wordpress_01\/wp-content\/uploads\/2014\/01\/icon_gesamtorchester.jpg\" alt=\"icon_gesamtorchester\" width=\"100\" height=\"70\" \/><\/a><\/td>\n<td width=\"50\"><a title=\"Die Schleheng\u00e4umusikanten\" href=\"https:\/\/www.mv-gechingen.de\/?page_id=78\">Schleheng\u00e4umusikanten<\/a><\/td>\n<\/tr>\n<tr>\n<td width=\"50\"><a href=\"https:\/\/www.mv-gechingen.de\/?page_id=126\"><img loading=\"lazy\" decoding=\"async\" class=\"alignnone\" src=\"http:\/\/mv-gechingen.de\/wordpress_01\/wp-content\/uploads\/2012\/11\/icon_musikerjugend.jpg\" width=\"100\" height=\"70\" border=\"none\" \/><\/a><\/td>\n<td><a title=\"Die Jugendkapelle\" href=\"https:\/\/www.mv-gechingen.de\/?page_id=126\">Musikerjugend Gechingen<\/a><\/td>\n<\/tr>\n<\/tbody>\n<\/table>\n<p>&nbsp;<\/p>\n","protected":false},"excerpt":{"rendered":"<p>Es war(en)\u00a0 einmal&#8230; &#8230;sieben Schwaben und ein G\u00f6nner mit \u00fcberdurchschnittlichen musikalischen F\u00e4higkeiten ausgestattet, welche eine Vision hatten \u2013 gemeinsam zu musizieren. Das war 1877, der Grundstein f\u00fcr den Musikverein Gechingen.Die Zeiten haben sich in all den Jahren ge\u00e4ndert und werden &hellip; <a href=\"https:\/\/mv-gechingen.de\/?page_id=2\">Weiterlesen <span class=\"meta-nav\">&rarr;<\/span><\/a><\/p>\n","protected":false},"author":1,"featured_media":448,"parent":0,"menu_order":0,"comment_status":"closed","ping_status":"closed","template":"","meta":{"footnotes":""},"_links":{"self":[{"href":"https:\/\/mv-gechingen.de\/index.php?rest_route=\/wp\/v2\/pages\/2"}],"collection":[{"href":"https:\/\/mv-gechingen.de\/index.php?rest_route=\/wp\/v2\/pages"}],"about":[{"href":"https:\/\/mv-gechingen.de\/index.php?rest_route=\/wp\/v2\/types\/page"}],"author":[{"embeddable":true,"href":"https:\/\/mv-gechingen.de\/index.php?rest_route=\/wp\/v2\/users\/1"}],"replies":[{"embeddable":true,"href":"https:\/\/mv-gechingen.de\/index.php?rest_route=%2Fwp%2Fv2%2Fcomments&post=2"}],"version-history":[{"count":100,"href":"https:\/\/mv-gechingen.de\/index.php?rest_route=\/wp\/v2\/pages\/2\/revisions"}],"predecessor-version":[{"id":1619,"href":"https:\/\/mv-gechingen.de\/index.php?rest_route=\/wp\/v2\/pages\/2\/revisions\/1619"}],"wp:featuredmedia":[{"embeddable":true,"href":"https:\/\/mv-gechingen.de\/index.php?rest_route=\/wp\/v2\/media\/448"}],"wp:attachment":[{"href":"https:\/\/mv-gechingen.de\/index.php?rest_route=%2Fwp%2Fv2%2Fmedia&parent=2"}],"curies":[{"name":"wp","href":"https:\/\/api.w.org\/{rel}","templated":true}]}}

<h2>Es war(en)  einmal&#8230;</h2>
<p>&#8230;sieben Schwaben und ein Gönner mit überdurchschnittlichen musikalischen Fähigkeiten ausgestattet, welche eine Vision hatten – gemeinsam zu musizieren. Das war 1877, der Grundstein für den Musikverein Gechingen.Die Zeiten haben sich in all den Jahren geändert und werden sich weiter ändern. Dennoch bleibt unser Bestreben und unsere Ziel das gleiche: Musizieren Jahr ein, Jahr aus, bei Wind und Wetter, in Nah und Fern. Musizieren um Freude zu bereiten und Freude zu erfahren. Denn Musik ist die Sprache, die keine Worte braucht und auf der ganzen Welt verstanden wird.Unsere Vision: Blasmusik im Wandel der Zeit kennen zu lernen, darzubieten und zu pflegen. „Neue“ Blasmusik zu entdecken und „alte“ Blasmusik wieder zu entdecken.Um unsere Vision zu erfüllen, ziehen wir alle an einem Strang. Dabei spielt die Ausbildung von Jugendlichen, die Vorbereitung und Organisation von Konzerten und anderen Veranstaltungen, sowie ein ausgeprägtes Vereinsleben, eine große Rolle. Dabei steht die Musik ganz im Vordergrund. Je nach Anlass und Arrangement finden wir uns so in verschiedenen Formationen zusammen:</p>
<table>
<tbody>
<tr>
<td><a href="https://www.mv-gechingen.de/?page_id=78"><img loading="lazy" decoding="async" class="alignnone" src="https://www.mv-gechingen.de/wordpress_01/wp-content/uploads/2014/01/icon_gesamtorchester.jpg" alt="icon_gesamtorchester" width="100" height="70" /></a></td>
<td width="50"><a title="Die Schlehengäumusikanten" href="https://www.mv-gechingen.de/?page_id=78">Schlehengäumusikanten</a></td>
</tr>
<tr>
<td width="50"><a href="https://www.mv-gechingen.de/?page_id=126"><img loading="lazy" decoding="async" class="alignnone" src="http://mv-gechingen.de/wordpress_01/wp-content/uploads/2012/11/icon_musikerjugend.jpg" width="100" height="70" border="none" /></a></td>
<td><a title="Die Jugendkapelle" href="https://www.mv-gechingen.de/?page_id=126">Musikerjugend Gechingen</a></td>
</tr>
</tbody>
</table>
<p>&nbsp;</p>

<p>Es war(en)  einmal&#8230; &#8230;sieben Schwaben und ein Gönner mit überdurchschnittlichen musikalischen Fähigkeiten ausgestattet, welche eine Vision hatten – gemeinsam zu musizieren. Das war 1877, der Grundstein für den Musikverein Gechingen.Die Zeiten haben sich in all den Jahren geändert und werden &hellip; <a href="https://mv-gechingen.de/?page_id=2">Weiterlesen <span class="meta-nav">&rarr;</span></a></p>
