{"id":268,"date":"2014-01-02T22:22:05","date_gmt":"2014-01-02T22:22:05","guid":{"rendered":"https:\/\/mv-gechingen.de\/?page_id=268"},"modified":"2026-02-12T16:33:15","modified_gmt":"2026-02-12T15:33:15","slug":"die-jugendkapelle","status":"publish","type":"page","link":"https:\/\/mv-gechingen.de\/?page_id=268","title":{"rendered":"Jugendkapelle"},"content":{"rendered":"\n<h2 class=\"wp-block-heading\">Unsere Fortgeschrittenen<\/h2>\n\n\n\n<p>Nach etwa zwei Jahren Einzelausbildung k\u00f6nnen die Jugendlichen in der Jugendkapelle spielen. Die Abstufung von <a title=\"Jugendgruppe\" href=\"https:\/\/www.mv-gechingen.de\/?page_id=266\">Jugendgruppe<\/a> und Jugendkapelle macht Sinn, da so auf das jeweilige musikalische Niveau R\u00fccksicht genommen werden kann. Schlie\u00dflich soll niemand \u00fcber- aber auch nicht unterfordert werden.<\/p>\n\n\n\n<p>Wichtige Schritte sind neben dem \u00dcben und Erlernen des Zusammenspiels auch gemeinsame Erfolgserlebnisse. Die Jugendkaplle hat mehrere \u00f6ffentliche Auftritte \u00fcber das Jahr verteilt. Sie unteh\u00e4lt zum Beispiel die Besucher auf dem Maifest der Freiwilligen Feuerwehr am 1. Mai und spielt auf dem <a title=\"Gechinger Stra\u00dfenfest\" href=\"http:\/\/blog.mv-gechingen.de\/?page_id=275\">Gechinger Stra\u00dfenfest<\/a> des Musikvereins. H\u00f6hepunkt ist jedoch der Auftritt beim <a title=\"Das Jahreskonzert\" href=\"https:\/\/www.mv-gechingen.de\/?page_id=277\">Jahreskonzert <\/a>des Musikvereins. Neben der <a title=\"Jugendgruppe\" href=\"https:\/\/www.mv-gechingen.de\/?page_id=266\">Jugendgruppe<\/a> hat die Jugendkaplle an diesem Abend ihren gro\u00dfen Auftritt. Hier k\u00f6nnen die Jungmusiker zeigen, wie gut sie ihr Instrument bereits beherrschen und welche Art von Musik ihnen besonders Spa\u00df macht.<\/p>\n\n\n\n<figure class=\"wp-block-table\"><table><tbody><tr><td><\/td><td><br><h3>Unser Jugendteam<\/h3><br><p><strong>Marvin Welte \/ Tina D&#8217;Aiera<\/strong><br><br><a href=\"mailto:jugendleitung@mv-gechingen.de\">jugendleiter@mv-gechingen.de<\/a><\/p><br><h3>musikalische Leitung<\/h3><br><p><strong>Stefan Schneider<\/strong><\/p><\/td><\/tr><\/tbody><\/table><\/figure>\n","protected":false},"excerpt":{"rendered":"<p>Unsere Fortgeschrittenen Nach etwa zwei Jahren Einzelausbildung k\u00f6nnen die Jugendlichen in der Jugendkapelle spielen. Die Abstufung von Jugendgruppe und Jugendkapelle macht Sinn, da so auf das jeweilige musikalische Niveau R\u00fccksicht genommen werden kann. Schlie\u00dflich soll niemand \u00fcber- aber auch nicht &hellip; <a href=\"https:\/\/mv-gechingen.de\/?page_id=268\">Weiterlesen <span class=\"meta-nav\">&rarr;<\/span><\/a><\/p>\n","protected":false},"author":1,"featured_media":1044,"parent":19,"menu_order":0,"comment_status":"closed","ping_status":"closed","template":"","meta":{"footnotes":""},"_links":{"self":[{"href":"https:\/\/mv-gechingen.de\/index.php?rest_route=\/wp\/v2\/pages\/268"}],"collection":[{"href":"https:\/\/mv-gechingen.de\/index.php?rest_route=\/wp\/v2\/pages"}],"about":[{"href":"https:\/\/mv-gechingen.de\/index.php?rest_route=\/wp\/v2\/types\/page"}],"author":[{"embeddable":true,"href":"https:\/\/mv-gechingen.de\/index.php?rest_route=\/wp\/v2\/users\/1"}],"replies":[{"embeddable":true,"href":"https:\/\/mv-gechingen.de\/index.php?rest_route=%2Fwp%2Fv2%2Fcomments&post=268"}],"version-history":[{"count":17,"href":"https:\/\/mv-gechingen.de\/index.php?rest_route=\/wp\/v2\/pages\/268\/revisions"}],"predecessor-version":[{"id":2876,"href":"https:\/\/mv-gechingen.de\/index.php?rest_route=\/wp\/v2\/pages\/268\/revisions\/2876"}],"up":[{"embeddable":true,"href":"https:\/\/mv-gechingen.de\/index.php?rest_route=\/wp\/v2\/pages\/19"}],"wp:featuredmedia":[{"embeddable":true,"href":"https:\/\/mv-gechingen.de\/index.php?rest_route=\/wp\/v2\/media\/1044"}],"wp:attachment":[{"href":"https:\/\/mv-gechingen.de\/index.php?rest_route=%2Fwp%2Fv2%2Fmedia&parent=268"}],"curies":[{"name":"wp","href":"https:\/\/api.w.org\/{rel}","templated":true}]}}

<h2 class="wp-block-heading">Unsere Fortgeschrittenen</h2>



<p>Nach etwa zwei Jahren Einzelausbildung können die Jugendlichen in der Jugendkapelle spielen. Die Abstufung von <a title="Jugendgruppe" href="https://www.mv-gechingen.de/?page_id=266">Jugendgruppe</a> und Jugendkapelle macht Sinn, da so auf das jeweilige musikalische Niveau Rücksicht genommen werden kann. Schließlich soll niemand über- aber auch nicht unterfordert werden.</p>



<p>Wichtige Schritte sind neben dem Üben und Erlernen des Zusammenspiels auch gemeinsame Erfolgserlebnisse. Die Jugendkaplle hat mehrere öffentliche Auftritte über das Jahr verteilt. Sie untehält zum Beispiel die Besucher auf dem Maifest der Freiwilligen Feuerwehr am 1. Mai und spielt auf dem <a title="Gechinger Straßenfest" href="http://blog.mv-gechingen.de/?page_id=275">Gechinger Straßenfest</a> des Musikvereins. Höhepunkt ist jedoch der Auftritt beim <a title="Das Jahreskonzert" href="https://www.mv-gechingen.de/?page_id=277">Jahreskonzert </a>des Musikvereins. Neben der <a title="Jugendgruppe" href="https://www.mv-gechingen.de/?page_id=266">Jugendgruppe</a> hat die Jugendkaplle an diesem Abend ihren großen Auftritt. Hier können die Jungmusiker zeigen, wie gut sie ihr Instrument bereits beherrschen und welche Art von Musik ihnen besonders Spaß macht.</p>



<figure class="wp-block-table"><table><tbody><tr><td></td><td><br><h3>Unser Jugendteam</h3><br><p><strong>Marvin Welte / Tina D&#8217;Aiera</strong><br><br><a href="mailto:jugendleitung@mv-gechingen.de">jugendleiter@mv-gechingen.de</a></p><br><h3>musikalische Leitung</h3><br><p><strong>Stefan Schneider</strong></p></td></tr></tbody></table></figure>

<p>Unsere Fortgeschrittenen Nach etwa zwei Jahren Einzelausbildung können die Jugendlichen in der Jugendkapelle spielen. Die Abstufung von Jugendgruppe und Jugendkapelle macht Sinn, da so auf das jeweilige musikalische Niveau Rücksicht genommen werden kann. Schließlich soll niemand über- aber auch nicht &hellip; <a href="https://mv-gechingen.de/?page_id=268">Weiterlesen <span class="meta-nav">&rarr;</span></a></p>
