{"id":277,"date":"2014-01-02T22:24:05","date_gmt":"2014-01-02T22:24:05","guid":{"rendered":"https:\/\/mv-gechingen.de\/?page_id=277"},"modified":"2026-02-12T16:47:51","modified_gmt":"2026-02-12T15:47:51","slug":"sinfonisches-jahreskonzert","status":"publish","type":"page","link":"https:\/\/mv-gechingen.de\/?page_id=277","title":{"rendered":"Jahreskonzert"},"content":{"rendered":"\n<p>Advent, die kalte Jahreszeit ist da. Zeit f\u00fcr ein gutes Buch, f\u00fcr Erz\u00e4hlungen und Geschichten.<\/p>\n\n\n\n<p>Bei seinem Jahreskonzert pr\u00e4sentiert der Musikverein Gechingen Geschichten auf musikalische Art und Weise. Mithilfe anspruchsvoller sinfonischer Blasmusik werden die Zuh\u00f6rer in das Reich von Abenteuern und Legenden entf\u00fchrt.<\/p>\n\n\n\n<p>Das Konzert soll dabei nicht nur etwas f\u00fcr die Ohren bieten, sondern auch alle anderen Sinne ansprechen. Bilder an den W\u00e4nden, eine entsprechend geschm\u00fcckte Konzerthalle, kulinarische H\u00e4ppchen, die passend zu den Musikst\u00fccken angerichtet werden sollen das Publikum ganz in die Thematik eintauchen lassen.<\/p>\n\n\n\n<p>Jedoch steht die Musik im Mittelpunkt der Veranstaltung. Jedes Jahr sind die Musikst\u00fccke entsprechend ausgew\u00e4hlt, sodass sie ein bestimmtes Thema unterstreichen. So entf\u00fchrte der Musikverein die Besucher schon auf eine turbulente Seefahrt, k\u00e4mpfte gegen Naturgewalten an, st\u00fcrmte die Stadt Troja, oder bezwang die h\u00f6chsten Gipfel der Alpen.<\/p>\n\n\n\n<p>Auch f\u00fcr unseren Nachwuchs aus der Musikerjugend ist das Jahreskonzert das gro\u00dfe Highlight im Vereinsjahr. Auf gro\u00dfer B\u00fchne, vor gro\u00dfem Publikum zeigen sowohl unsere <a href=\"https:\/\/www.mv-gechingen.de\/?page_id=266\">Jugendgruppe<\/a>, als auch unsere <a href=\"https:\/\/www.mv-gechingen.de\/?page_id=268\">Jugendkapelle<\/a> was sie musikalisch bereits drauf haben und welche Musik sie besonders gern spielen.<\/p>\n\n\n\n<figure class=\"wp-block-table\"><table><tbody><tr><td>&nbsp;<\/td><td><br><h3>n\u00e4chster Termin<\/h3><br><h1>Jahreskonzert 2026<br>12. Dezember<\/h1><br><\/td><\/tr><\/tbody><\/table><\/figure>\n\n\n\n<p><\/p>\n","protected":false},"excerpt":{"rendered":"<p>Advent, die kalte Jahreszeit ist da. Zeit f\u00fcr ein gutes Buch, f\u00fcr Erz\u00e4hlungen und Geschichten. Bei seinem Jahreskonzert pr\u00e4sentiert der Musikverein Gechingen Geschichten auf musikalische Art und Weise. Mithilfe anspruchsvoller sinfonischer Blasmusik werden die Zuh\u00f6rer in das Reich von Abenteuern &hellip; <a href=\"https:\/\/mv-gechingen.de\/?page_id=277\">Weiterlesen <span class=\"meta-nav\">&rarr;<\/span><\/a><\/p>\n","protected":false},"author":1,"featured_media":2150,"parent":341,"menu_order":0,"comment_status":"closed","ping_status":"closed","template":"","meta":{"footnotes":""},"_links":{"self":[{"href":"https:\/\/mv-gechingen.de\/index.php?rest_route=\/wp\/v2\/pages\/277"}],"collection":[{"href":"https:\/\/mv-gechingen.de\/index.php?rest_route=\/wp\/v2\/pages"}],"about":[{"href":"https:\/\/mv-gechingen.de\/index.php?rest_route=\/wp\/v2\/types\/page"}],"author":[{"embeddable":true,"href":"https:\/\/mv-gechingen.de\/index.php?rest_route=\/wp\/v2\/users\/1"}],"replies":[{"embeddable":true,"href":"https:\/\/mv-gechingen.de\/index.php?rest_route=%2Fwp%2Fv2%2Fcomments&post=277"}],"version-history":[{"count":32,"href":"https:\/\/mv-gechingen.de\/index.php?rest_route=\/wp\/v2\/pages\/277\/revisions"}],"predecessor-version":[{"id":2881,"href":"https:\/\/mv-gechingen.de\/index.php?rest_route=\/wp\/v2\/pages\/277\/revisions\/2881"}],"up":[{"embeddable":true,"href":"https:\/\/mv-gechingen.de\/index.php?rest_route=\/wp\/v2\/pages\/341"}],"wp:featuredmedia":[{"embeddable":true,"href":"https:\/\/mv-gechingen.de\/index.php?rest_route=\/wp\/v2\/media\/2150"}],"wp:attachment":[{"href":"https:\/\/mv-gechingen.de\/index.php?rest_route=%2Fwp%2Fv2%2Fmedia&parent=277"}],"curies":[{"name":"wp","href":"https:\/\/api.w.org\/{rel}","templated":true}]}}

<p>Advent, die kalte Jahreszeit ist da. Zeit für ein gutes Buch, für Erzählungen und Geschichten.</p>



<p>Bei seinem Jahreskonzert präsentiert der Musikverein Gechingen Geschichten auf musikalische Art und Weise. Mithilfe anspruchsvoller sinfonischer Blasmusik werden die Zuhörer in das Reich von Abenteuern und Legenden entführt.</p>



<p>Das Konzert soll dabei nicht nur etwas für die Ohren bieten, sondern auch alle anderen Sinne ansprechen. Bilder an den Wänden, eine entsprechend geschmückte Konzerthalle, kulinarische Häppchen, die passend zu den Musikstücken angerichtet werden sollen das Publikum ganz in die Thematik eintauchen lassen.</p>



<p>Jedoch steht die Musik im Mittelpunkt der Veranstaltung. Jedes Jahr sind die Musikstücke entsprechend ausgewählt, sodass sie ein bestimmtes Thema unterstreichen. So entführte der Musikverein die Besucher schon auf eine turbulente Seefahrt, kämpfte gegen Naturgewalten an, stürmte die Stadt Troja, oder bezwang die höchsten Gipfel der Alpen.</p>



<p>Auch für unseren Nachwuchs aus der Musikerjugend ist das Jahreskonzert das große Highlight im Vereinsjahr. Auf großer Bühne, vor großem Publikum zeigen sowohl unsere <a href="https://www.mv-gechingen.de/?page_id=266">Jugendgruppe</a>, als auch unsere <a href="https://www.mv-gechingen.de/?page_id=268">Jugendkapelle</a> was sie musikalisch bereits drauf haben und welche Musik sie besonders gern spielen.</p>



<figure class="wp-block-table"><table><tbody><tr><td>&nbsp;</td><td><br><h3>nächster Termin</h3><br><h1>Jahreskonzert 2026<br>12. Dezember</h1><br></td></tr></tbody></table></figure>



<p></p>

<p>Advent, die kalte Jahreszeit ist da. Zeit für ein gutes Buch, für Erzählungen und Geschichten. Bei seinem Jahreskonzert präsentiert der Musikverein Gechingen Geschichten auf musikalische Art und Weise. Mithilfe anspruchsvoller sinfonischer Blasmusik werden die Zuhörer in das Reich von Abenteuern &hellip; <a href="https://mv-gechingen.de/?page_id=277">Weiterlesen <span class="meta-nav">&rarr;</span></a></p>
