{"id":28,"date":"2013-01-27T22:20:50","date_gmt":"2013-01-27T22:20:50","guid":{"rendered":"https:\/\/mv-gechingen.de\/?page_id=28"},"modified":"2024-07-14T20:44:06","modified_gmt":"2024-07-14T18:44:06","slug":"kontakt","status":"publish","type":"page","link":"https:\/\/mv-gechingen.de\/?page_id=28","title":{"rendered":"Kontakt"},"content":{"rendered":"<h2>Kontakt und Impressum<\/h2>\n<p>Angaben gem\u00e4\u00df \u00a7 5 TMG:<\/p>\n<p>Musikverein &#8222;Eintracht&#8220; Gechingen e.V.<br \/>\nSchlehenweg 14<br \/>\n75391 Gechingen<\/p>\n<p><b>Vertreten durch:<\/b><br \/>\nHerr Frank Talmon l&#8217;Arm\u00e9e (1. Vorsitzender)<br \/>\nHerr Marcel H\u00e4rdter (stellv. Vorsitzender)<\/p>\n<p><b>Kontakt:<\/b><br \/>\nE-Mail: <a href=\"mailto:info@mv-gechingen.de\">info@mv-gechingen.de<\/a><\/p>\n<p><b>Registereintrag:<\/b><br \/>\nEintragung im Vereinsregister.<br \/>\nRegistergericht: Amtsgericht Stuttgart \u2013 Registergericht<br \/>\nGesch\u00e4ftsnummer VR 330002<\/p>\n<p>Verantwortlich f\u00fcr den Inhalt nach \u00a7 55 Abs. 2 RStV:<br \/>\nFrank Talmon l&#8217;Arm\u00e9e<\/p>\n<p>Bei Fragen, Anregungen oder Kritik k\u00f6nnen Sie sich gerne mit uns in Verbindungen setzten. Bei speziellen Angelegenheiten k\u00f6nnen Sie sich auch mit dem jeweiligen Verantwortlichen aus der Vorstandschaft in Verbindung setzten. Eine Liste der Verantwortlichen finden Sie <a title=\"Die Vorstandschaft\" href=\"http:\/\/mv-gechingen.de\/?page_id=132\">hier<\/a>.<\/p>\n<p><strong>Interesse an einer Mitgliedschaft?<\/strong><br \/>\nUnsere Mitgliedsantr\u00e4ge f\u00fcr aktive und f\u00f6rdernde Mitglieder finden Sie <a href=\"https:\/\/www.mv-gechingen.de\/?page_id=1602\">hier.<\/a><\/p>\n","protected":false},"excerpt":{"rendered":"<p>Kontakt und Impressum Angaben gem\u00e4\u00df \u00a7 5 TMG: Musikverein &#8222;Eintracht&#8220; Gechingen e.V. Schlehenweg 14 75391 Gechingen Vertreten durch: Herr Frank Talmon l&#8217;Arm\u00e9e (1. Vorsitzender) Herr Marcel H\u00e4rdter (stellv. Vorsitzender) Kontakt: E-Mail: info@mv-gechingen.de Registereintrag: Eintragung im Vereinsregister. Registergericht: Amtsgericht Stuttgart \u2013 &hellip; <a href=\"https:\/\/mv-gechingen.de\/?page_id=28\">Weiterlesen <span class=\"meta-nav\">&rarr;<\/span><\/a><\/p>\n","protected":false},"author":1,"featured_media":448,"parent":0,"menu_order":0,"comment_status":"closed","ping_status":"closed","template":"","meta":{"footnotes":""},"_links":{"self":[{"href":"https:\/\/mv-gechingen.de\/index.php?rest_route=\/wp\/v2\/pages\/28"}],"collection":[{"href":"https:\/\/mv-gechingen.de\/index.php?rest_route=\/wp\/v2\/pages"}],"about":[{"href":"https:\/\/mv-gechingen.de\/index.php?rest_route=\/wp\/v2\/types\/page"}],"author":[{"embeddable":true,"href":"https:\/\/mv-gechingen.de\/index.php?rest_route=\/wp\/v2\/users\/1"}],"replies":[{"embeddable":true,"href":"https:\/\/mv-gechingen.de\/index.php?rest_route=%2Fwp%2Fv2%2Fcomments&post=28"}],"version-history":[{"count":33,"href":"https:\/\/mv-gechingen.de\/index.php?rest_route=\/wp\/v2\/pages\/28\/revisions"}],"predecessor-version":[{"id":2662,"href":"https:\/\/mv-gechingen.de\/index.php?rest_route=\/wp\/v2\/pages\/28\/revisions\/2662"}],"wp:featuredmedia":[{"embeddable":true,"href":"https:\/\/mv-gechingen.de\/index.php?rest_route=\/wp\/v2\/media\/448"}],"wp:attachment":[{"href":"https:\/\/mv-gechingen.de\/index.php?rest_route=%2Fwp%2Fv2%2Fmedia&parent=28"}],"curies":[{"name":"wp","href":"https:\/\/api.w.org\/{rel}","templated":true}]}}